{"id":2679,"date":"2026-01-08T15:41:35","date_gmt":"2026-01-08T08:41:35","guid":{"rendered":"https:\/\/vinimam.org.vn\/vinimam\/?page_id=2679"},"modified":"2026-04-13T11:41:21","modified_gmt":"2026-04-13T04:41:21","slug":"thong-tin-khoa-hoc","status":"publish","type":"page","link":"https:\/\/vinimam.org.vn\/vinimam\/dao-tao\/thong-tin-khoa-hoc\/","title":{"rendered":"Th\u00f4ng tin kh\u00f3a h\u1ecdc"},"content":{"rendered":"\t<section class=\"section\" id=\"section_1346967922\">\n\t\t<div class=\"bg section-bg fill bg-fill  \" >\n\n\t\t\t\n\t\t\t<div class=\"section-bg-overlay absolute fill\"><\/div>\n\t\t\t\n\n\t\t<\/div>\n\n\t\t\n\n\t\t<div class=\"section-content relative\">\n\t\t\t\n<div class=\"row align-center\"  id=\"row-1981928431\">\n\n\t<div id=\"col-777407280\" class=\"col medium-6 small-12 large-7\"  >\n\t\t\t\t<div class=\"col-inner text-center dark\"  >\n\t\t\t\n\t\t\t\n\t<div id=\"gap-644001978\" class=\"gap-element clearfix\" style=\"display:block; height:auto;\">\n\t\t\n<style>\n#gap-644001978 {\n  padding-top: 30px;\n}\n<\/style>\n\t<\/div>\n\t\n\t<div id=\"text-1940607795\" class=\"text\">\n\t\t\n<h3>CH\u01af\u01a0NG TR\u00ccNH \u0110\u00c0O T\u1ea0O<\/h3>\n\t\t\n<style>\n#text-1940607795 {\n  font-size: 2.25rem;\n  line-height: 0.75;\n}\n<\/style>\n\t<\/div>\n\t\n\t\t<\/div>\n\t\t\t\t\t<\/div>\n\n\t\n<\/div>\n\t\t<\/div>\n\n\t\t\n<style>\n#section_1346967922 {\n  padding-top: 40px;\n  padding-bottom: 40px;\n}\n#section_1346967922 .section-bg-overlay {\n  background-color: rgba(111, 166, 212, 0.762);\n}\n#section_1346967922 .section-bg.bg-loaded {\n  background-image: url(https:\/\/vinimam.org.vn\/vinimam\/wp-content\/uploads\/2026\/04\/cac-bai-bien-dep-7.jpg);\n}\n#section_1346967922 .section-bg {\n  background-position: 39% 100%;\n}\n#section_1346967922 .ux-shape-divider--top svg {\n  height: 150px;\n  --divider-top-width: 100%;\n}\n#section_1346967922 .ux-shape-divider--bottom svg {\n  height: 150px;\n  --divider-width: 100%;\n}\n@media (min-width:550px) {\n  #section_1346967922 {\n    padding-top: 70px;\n    padding-bottom: 70px;\n  }\n}\n<\/style>\n\t<\/section>\n\t\n","protected":false},"excerpt":{"rendered":"","protected":false},"author":1,"featured_media":0,"parent":503,"menu_order":0,"comment_status":"closed","ping_status":"closed","template":"","meta":{"footnotes":""},"class_list":["post-2679","page","type-page","status-publish","hentry"],"yoast_head":"<!-- This site is optimized with the Yoast SEO plugin v27.4 - https:\/\/yoast.com\/product\/yoast-seo-wordpress\/ -->\n<title>Th\u00f4ng tin kh\u00f3a h\u1ecdc - Vi\u1ec7n Y h\u1ecdc bi\u1ec3n | Vietnam National Institute of Maritime Medicine<\/title>\n<meta name=\"robots\" content=\"index, follow, max-snippet:-1, max-image-preview:large, max-video-preview:-1\" \/>\n<link rel=\"canonical\" href=\"https:\/\/vinimam.org.vn\/vinimam\/dao-tao\/thong-tin-khoa-hoc\/\" \/>\n<meta property=\"og:locale\" content=\"en_US\" \/>\n<meta property=\"og:type\" content=\"article\" \/>\n<meta property=\"og:title\" content=\"Th\u00f4ng tin kh\u00f3a h\u1ecdc - Vi\u1ec7n Y h\u1ecdc bi\u1ec3n | Vietnam National Institute of Maritime Medicine\" \/>\n<meta property=\"og:url\" content=\"https:\/\/vinimam.org.vn\/vinimam\/dao-tao\/thong-tin-khoa-hoc\/\" \/>\n<meta property=\"og:site_name\" content=\"Vi\u1ec7n Y h\u1ecdc bi\u1ec3n | Vietnam National Institute of Maritime Medicine\" \/>\n<meta property=\"article:publisher\" content=\"https:\/\/www.facebook.com\/vienyhocbienvietnam\" \/>\n<meta property=\"article:modified_time\" content=\"2026-04-13T04:41:21+00:00\" \/>\n<meta name=\"twitter:card\" content=\"summary_large_image\" \/>\n<script type=\"application\/ld+json\" class=\"yoast-schema-graph\">{\"@context\":\"https:\\\/\\\/schema.org\",\"@graph\":[{\"@type\":\"WebPage\",\"@id\":\"https:\\\/\\\/vinimam.org.vn\\\/vinimam\\\/dao-tao\\\/thong-tin-khoa-hoc\\\/\",\"url\":\"https:\\\/\\\/vinimam.org.vn\\\/vinimam\\\/dao-tao\\\/thong-tin-khoa-hoc\\\/\",\"name\":\"Th\u00f4ng tin kh\u00f3a h\u1ecdc - Vi\u1ec7n Y h\u1ecdc bi\u1ec3n | Vietnam National Institute of Maritime Medicine\",\"isPartOf\":{\"@id\":\"https:\\\/\\\/vinimam.org.vn\\\/vinimam\\\/#website\"},\"datePublished\":\"2026-01-08T08:41:35+00:00\",\"dateModified\":\"2026-04-13T04:41:21+00:00\",\"breadcrumb\":{\"@id\":\"https:\\\/\\\/vinimam.org.vn\\\/vinimam\\\/dao-tao\\\/thong-tin-khoa-hoc\\\/#breadcrumb\"},\"inLanguage\":\"en-US\",\"potentialAction\":[{\"@type\":\"ReadAction\",\"target\":[\"https:\\\/\\\/vinimam.org.vn\\\/vinimam\\\/dao-tao\\\/thong-tin-khoa-hoc\\\/\"]}]},{\"@type\":\"BreadcrumbList\",\"@id\":\"https:\\\/\\\/vinimam.org.vn\\\/vinimam\\\/dao-tao\\\/thong-tin-khoa-hoc\\\/#breadcrumb\",\"itemListElement\":[{\"@type\":\"ListItem\",\"position\":1,\"name\":\"Trang ch\u1ee7\",\"item\":\"https:\\\/\\\/vinimam.org.vn\\\/vinimam\\\/\"},{\"@type\":\"ListItem\",\"position\":2,\"name\":\"\u0110\u00e0o t\u1ea1o\",\"item\":\"https:\\\/\\\/vinimam.org.vn\\\/vinimam\\\/dao-tao\\\/\"},{\"@type\":\"ListItem\",\"position\":3,\"name\":\"Th\u00f4ng tin kh\u00f3a h\u1ecdc\"}]},{\"@type\":\"WebSite\",\"@id\":\"https:\\\/\\\/vinimam.org.vn\\\/vinimam\\\/#website\",\"url\":\"https:\\\/\\\/vinimam.org.vn\\\/vinimam\\\/\",\"name\":\"Vi\u1ec7n Y h\u1ecdc bi\u1ec3n | Vietnam National Institute of Maritime Medicine\",\"description\":\"B\u1ea3n L\u0129nh - Tr\u00ed Tu\u1ec7 - V\u01b0\u01a1n ra bi\u1ec3n l\u1edbn\",\"publisher\":{\"@id\":\"https:\\\/\\\/vinimam.org.vn\\\/vinimam\\\/#organization\"},\"potentialAction\":[{\"@type\":\"SearchAction\",\"target\":{\"@type\":\"EntryPoint\",\"urlTemplate\":\"https:\\\/\\\/vinimam.org.vn\\\/vinimam\\\/?s={search_term_string}\"},\"query-input\":{\"@type\":\"PropertyValueSpecification\",\"valueRequired\":true,\"valueName\":\"search_term_string\"}}],\"inLanguage\":\"en-US\"},{\"@type\":\"Organization\",\"@id\":\"https:\\\/\\\/vinimam.org.vn\\\/vinimam\\\/#organization\",\"name\":\"Vi\u1ec7n Y h\u1ecdc bi\u1ec3n | Vietnam National Institute of Maritime Medicine\",\"url\":\"https:\\\/\\\/vinimam.org.vn\\\/vinimam\\\/\",\"logo\":{\"@type\":\"ImageObject\",\"inLanguage\":\"en-US\",\"@id\":\"https:\\\/\\\/vinimam.org.vn\\\/vinimam\\\/#\\\/schema\\\/logo\\\/image\\\/\",\"url\":\"https:\\\/\\\/vinimam.org.vn\\\/vinimam\\\/wp-content\\\/uploads\\\/2023\\\/09\\\/logo-Vien-Y-hoc-bien-Viet-nam-oxy-cao-ap-scaled.jpg\",\"contentUrl\":\"https:\\\/\\\/vinimam.org.vn\\\/vinimam\\\/wp-content\\\/uploads\\\/2023\\\/09\\\/logo-Vien-Y-hoc-bien-Viet-nam-oxy-cao-ap-scaled.jpg\",\"width\":2560,\"height\":1280,\"caption\":\"Vi\u1ec7n Y h\u1ecdc bi\u1ec3n | Vietnam National Institute of Maritime Medicine\"},\"image\":{\"@id\":\"https:\\\/\\\/vinimam.org.vn\\\/vinimam\\\/#\\\/schema\\\/logo\\\/image\\\/\"},\"sameAs\":[\"https:\\\/\\\/www.facebook.com\\\/vienyhocbienvietnam\"]}]}<\/script>\n<!-- \/ Yoast SEO plugin. -->","yoast_head_json":{"title":"Th\u00f4ng tin kh\u00f3a h\u1ecdc - Vi\u1ec7n Y h\u1ecdc bi\u1ec3n | Vietnam National Institute of Maritime Medicine","robots":{"index":"index","follow":"follow","max-snippet":"max-snippet:-1","max-image-preview":"max-image-preview:large","max-video-preview":"max-video-preview:-1"},"canonical":"https:\/\/vinimam.org.vn\/vinimam\/dao-tao\/thong-tin-khoa-hoc\/","og_locale":"en_US","og_type":"article","og_title":"Th\u00f4ng tin kh\u00f3a h\u1ecdc - Vi\u1ec7n Y h\u1ecdc bi\u1ec3n | Vietnam National Institute of Maritime Medicine","og_url":"https:\/\/vinimam.org.vn\/vinimam\/dao-tao\/thong-tin-khoa-hoc\/","og_site_name":"Vi\u1ec7n Y h\u1ecdc bi\u1ec3n | Vietnam National Institute of Maritime Medicine","article_publisher":"https:\/\/www.facebook.com\/vienyhocbienvietnam","article_modified_time":"2026-04-13T04:41:21+00:00","twitter_card":"summary_large_image","schema":{"@context":"https:\/\/schema.org","@graph":[{"@type":"WebPage","@id":"https:\/\/vinimam.org.vn\/vinimam\/dao-tao\/thong-tin-khoa-hoc\/","url":"https:\/\/vinimam.org.vn\/vinimam\/dao-tao\/thong-tin-khoa-hoc\/","name":"Th\u00f4ng tin kh\u00f3a h\u1ecdc - Vi\u1ec7n Y h\u1ecdc bi\u1ec3n | Vietnam National Institute of Maritime Medicine","isPartOf":{"@id":"https:\/\/vinimam.org.vn\/vinimam\/#website"},"datePublished":"2026-01-08T08:41:35+00:00","dateModified":"2026-04-13T04:41:21+00:00","breadcrumb":{"@id":"https:\/\/vinimam.org.vn\/vinimam\/dao-tao\/thong-tin-khoa-hoc\/#breadcrumb"},"inLanguage":"en-US","potentialAction":[{"@type":"ReadAction","target":["https:\/\/vinimam.org.vn\/vinimam\/dao-tao\/thong-tin-khoa-hoc\/"]}]},{"@type":"BreadcrumbList","@id":"https:\/\/vinimam.org.vn\/vinimam\/dao-tao\/thong-tin-khoa-hoc\/#breadcrumb","itemListElement":[{"@type":"ListItem","position":1,"name":"Trang ch\u1ee7","item":"https:\/\/vinimam.org.vn\/vinimam\/"},{"@type":"ListItem","position":2,"name":"\u0110\u00e0o t\u1ea1o","item":"https:\/\/vinimam.org.vn\/vinimam\/dao-tao\/"},{"@type":"ListItem","position":3,"name":"Th\u00f4ng tin kh\u00f3a h\u1ecdc"}]},{"@type":"WebSite","@id":"https:\/\/vinimam.org.vn\/vinimam\/#website","url":"https:\/\/vinimam.org.vn\/vinimam\/","name":"Vi\u1ec7n Y h\u1ecdc bi\u1ec3n | Vietnam National Institute of Maritime Medicine","description":"B\u1ea3n L\u0129nh - Tr\u00ed Tu\u1ec7 - V\u01b0\u01a1n ra bi\u1ec3n l\u1edbn","publisher":{"@id":"https:\/\/vinimam.org.vn\/vinimam\/#organization"},"potentialAction":[{"@type":"SearchAction","target":{"@type":"EntryPoint","urlTemplate":"https:\/\/vinimam.org.vn\/vinimam\/?s={search_term_string}"},"query-input":{"@type":"PropertyValueSpecification","valueRequired":true,"valueName":"search_term_string"}}],"inLanguage":"en-US"},{"@type":"Organization","@id":"https:\/\/vinimam.org.vn\/vinimam\/#organization","name":"Vi\u1ec7n Y h\u1ecdc bi\u1ec3n | Vietnam National Institute of Maritime Medicine","url":"https:\/\/vinimam.org.vn\/vinimam\/","logo":{"@type":"ImageObject","inLanguage":"en-US","@id":"https:\/\/vinimam.org.vn\/vinimam\/#\/schema\/logo\/image\/","url":"https:\/\/vinimam.org.vn\/vinimam\/wp-content\/uploads\/2023\/09\/logo-Vien-Y-hoc-bien-Viet-nam-oxy-cao-ap-scaled.jpg","contentUrl":"https:\/\/vinimam.org.vn\/vinimam\/wp-content\/uploads\/2023\/09\/logo-Vien-Y-hoc-bien-Viet-nam-oxy-cao-ap-scaled.jpg","width":2560,"height":1280,"caption":"Vi\u1ec7n Y h\u1ecdc bi\u1ec3n | Vietnam National Institute of Maritime Medicine"},"image":{"@id":"https:\/\/vinimam.org.vn\/vinimam\/#\/schema\/logo\/image\/"},"sameAs":["https:\/\/www.facebook.com\/vienyhocbienvietnam"]}]}},"_links":{"self":[{"href":"https:\/\/vinimam.org.vn\/vinimam\/wp-json\/wp\/v2\/pages\/2679","targetHints":{"allow":["GET"]}}],"collection":[{"href":"https:\/\/vinimam.org.vn\/vinimam\/wp-json\/wp\/v2\/pages"}],"about":[{"href":"https:\/\/vinimam.org.vn\/vinimam\/wp-json\/wp\/v2\/types\/page"}],"author":[{"embeddable":true,"href":"https:\/\/vinimam.org.vn\/vinimam\/wp-json\/wp\/v2\/users\/1"}],"replies":[{"embeddable":true,"href":"https:\/\/vinimam.org.vn\/vinimam\/wp-json\/wp\/v2\/comments?post=2679"}],"version-history":[{"count":4,"href":"https:\/\/vinimam.org.vn\/vinimam\/wp-json\/wp\/v2\/pages\/2679\/revisions"}],"predecessor-version":[{"id":2922,"href":"https:\/\/vinimam.org.vn\/vinimam\/wp-json\/wp\/v2\/pages\/2679\/revisions\/2922"}],"up":[{"embeddable":true,"href":"https:\/\/vinimam.org.vn\/vinimam\/wp-json\/wp\/v2\/pages\/503"}],"wp:attachment":[{"href":"https:\/\/vinimam.org.vn\/vinimam\/wp-json\/wp\/v2\/media?parent=2679"}],"curies":[{"name":"wp","href":"https:\/\/api.w.org\/{rel}","templated":true}]}}