{"id":1773,"date":"2024-10-09T08:22:12","date_gmt":"2024-10-09T01:22:12","guid":{"rendered":"https:\/\/vinimam.org.vn\/vinimam\/?page_id=1773"},"modified":"2025-03-26T08:24:24","modified_gmt":"2025-03-26T01:24:24","slug":"cong-khai-gia-dich-vu-va-du-toan","status":"publish","type":"page","link":"https:\/\/vinimam.org.vn\/vinimam\/lien-he\/cong-khai-gia-dich-vu-va-du-toan\/","title":{"rendered":"C\u00f4ng khai gi\u00e1 d\u1ecbch v\u1ee5 v\u00e0 d\u1ef1 to\u00e1n"},"content":{"rendered":"\t<section class=\"section\" id=\"section_908594610\">\n\t\t<div class=\"bg section-bg fill bg-fill  bg-loaded\" >\n\n\t\t\t\n\t\t\t\n\t\t\t\n\n\t\t<\/div>\n\n\t\t\n\n\t\t<div class=\"section-content relative\">\n\t\t\t\n\t<div id=\"gap-1517952558\" class=\"gap-element clearfix\" style=\"display:block; height:auto;\">\n\t\t\n<style>\n#gap-1517952558 {\n  padding-top: 30px;\n}\n<\/style>\n\t<\/div>\n\t\n<div class=\"row row-large align-equal\"  id=\"row-1690477357\">\n\n\t<div id=\"col-26944331\" class=\"col medium-6 small-12 large-6\"  >\n\t\t\t\t<div class=\"col-inner\"  >\n\t\t\t\n\t\t\t\n\t<div id=\"text-789145859\" class=\"text\">\n\t\t\n<h4 style=\"text-align: center;\">C\u00d4NG KHAI T\u00c0I CH\u00cdNH V\u00c0 D\u1ecaCH V\u1ee4 Y T\u1ebe<\/h4>\n\t\t\n<style>\n#text-789145859 {\n  font-size: 2.25rem;\n  line-height: 1.25;\n}\n<\/style>\n\t<\/div>\n\t\n\n  \n    <div class=\"row large-columns-1 medium-columns-1 small-columns-1 row-xsmall row-full-width slider row-slider slider-nav-reveal\"  data-flickity-options='{\"imagesLoaded\": true, \"groupCells\": \"100%\", \"dragThreshold\" : 5, \"cellAlign\": \"left\",\"wrapAround\": true,\"prevNextButtons\": true,\"percentPosition\": true,\"pageDots\": false, \"rightToLeft\": false, \"autoPlay\" : false}'>\n\n  <div class=\"col post-item\" >\n\t\t\t<div class=\"col-inner\">\n\t\t\t<a href=\"https:\/\/vinimam.org.vn\/vinimam\/cong-khai-du-toan-2025-thuc-hien-xet-duyet-quyet-toan\/\" class=\"plain\">\n\t\t\t\t<div class=\"box box-push box-text-bottom box-blog-post has-hover\">\n            \t\t\t\t\t<div class=\"box-image\" >\n  \t\t\t\t\t\t<div class=\"image-cover\" style=\"padding-top:40%;\">\n  \t\t\t\t\t\t\t<img loading=\"lazy\" decoding=\"async\" width=\"672\" height=\"400\" src=\"https:\/\/vinimam.org.vn\/vinimam\/wp-content\/uploads\/2023\/09\/thong-bao-y-hoc-bien-672x400.png\" class=\"attachment-medium size-medium wp-post-image\" alt=\"\" srcset=\"https:\/\/vinimam.org.vn\/vinimam\/wp-content\/uploads\/2023\/09\/thong-bao-y-hoc-bien-672x400.png 672w, https:\/\/vinimam.org.vn\/vinimam\/wp-content\/uploads\/2023\/09\/thong-bao-y-hoc-bien-768x457.png 768w, https:\/\/vinimam.org.vn\/vinimam\/wp-content\/uploads\/2023\/09\/thong-bao-y-hoc-bien.png 1070w\" sizes=\"auto, (max-width: 672px) 100vw, 672px\" \/>  \t\t\t\t\t\t\t  \t\t\t\t\t\t\t  \t\t\t\t\t\t<\/div>\n  \t\t\t\t\t\t  \t\t\t\t\t<\/div>\n          \t\t\t\t\t<div class=\"box-text text-center\" >\n\t\t\t\t\t<div class=\"box-text-inner blog-post-inner\">\n\n\t\t\t\t\t\n\t\t\t\t\t\t\t\t\t\t<h5 class=\"post-title is-large \">C\u00f4ng khai D\u1ef1 to\u00e1n 2025 &#8211; Th\u1ef1c hi\u1ec7n x\u00e9t duy\u1ec7t quy\u1ebft to\u00e1n<\/h5>\n\t\t\t\t\t\t\t\t\t\t<div class=\"is-divider\"><\/div>\n\t\t\t\t\t                    \n\t\t\t\t\t\t\t\t\t\t\t<button href=\"https:\/\/vinimam.org.vn\/vinimam\/cong-khai-du-toan-2025-thuc-hien-xet-duyet-quyet-toan\/\" class=\"button  is-outline is-small mb-0\">\n\t\t\t\t\t\t\tXem th\u00eam\t\t\t\t\t\t<\/button>\n\t\t\t\t\t\n\t\t\t\t\t\n\t\t\t\t\t<\/div>\n\t\t\t\t\t<\/div>\n\t\t\t\t\t\t\t\t\t<\/div>\n\t\t\t\t<\/a>\n\t\t\t<\/div>\n\t\t<\/div><\/div>\n\t<div id=\"gap-1742380155\" class=\"gap-element clearfix\" style=\"display:block; height:auto;\">\n\t\t\n<style>\n#gap-1742380155 {\n  padding-top: 25px;\n}\n<\/style>\n\t<\/div>\n\t\n\n  <div class=\"banner has-hover\" id=\"banner-1452859974\">\n          <div class=\"banner-inner fill\">\n        <div class=\"banner-bg fill\" >\n            <div class=\"bg fill bg-fill \"><\/div>\n                                    \n                    <\/div>\n\t\t\n        <div class=\"banner-layers container\">\n            <div class=\"fill banner-link\"><\/div>            \n        <\/div>\n      <\/div>\n\n            \n<style>\n#banner-1452859974 {\n  padding-top: 99.99%;\n  background-color: rgba(255, 255, 255, 0);\n}\n#banner-1452859974 .bg.bg-loaded {\n  background-image: url(https:\/\/vinimam.org.vn\/vinimam\/wp-content\/uploads\/2025\/03\/bao-cao-tai-chinh.webp);\n}\n#banner-1452859974 .ux-shape-divider--top svg {\n  height: 150px;\n  --divider-top-width: 100%;\n}\n#banner-1452859974 .ux-shape-divider--bottom svg {\n  height: 150px;\n  --divider-width: 100%;\n}\n@media (min-width:550px) {\n  #banner-1452859974 {\n    padding-top: 251px;\n  }\n}\n<\/style>\n  <\/div>\n\n\n\t\t<\/div>\n\t\t\t\t\t<\/div>\n\n\t\n\n\t<div id=\"col-459487860\" class=\"col medium-6 small-12 large-6\"  >\n\t\t\t\t<div class=\"col-inner\"  >\n\t\t\t\n\t\t\t\n\n  <div class=\"banner has-hover\" id=\"banner-1180087333\">\n          <div class=\"banner-inner fill\">\n        <div class=\"banner-bg fill\" >\n            <div class=\"bg fill bg-fill \"><\/div>\n                                    \n                    <\/div>\n\t\t\n        <div class=\"banner-layers container\">\n            <div class=\"fill banner-link\"><\/div>            \n        <\/div>\n      <\/div>\n\n            \n<style>\n#banner-1180087333 {\n  padding-top: 99.99%;\n  background-color: rgba(255, 255, 255, 0);\n}\n#banner-1180087333 .bg.bg-loaded {\n  background-image: url(https:\/\/vinimam.org.vn\/vinimam\/wp-content\/uploads\/2025\/03\/gia-dv-kham-benh.jpg);\n}\n#banner-1180087333 .bg {\n  background-position: 0% 63%;\n}\n#banner-1180087333 .ux-shape-divider--top svg {\n  height: 150px;\n  --divider-top-width: 100%;\n}\n#banner-1180087333 .ux-shape-divider--bottom svg {\n  height: 150px;\n  --divider-width: 100%;\n}\n@media (min-width:550px) {\n  #banner-1180087333 {\n    padding-top: 317px;\n  }\n}\n<\/style>\n  <\/div>\n\n\n\t<div id=\"gap-1259117229\" class=\"gap-element clearfix\" style=\"display:block; height:auto;\">\n\t\t\n<style>\n#gap-1259117229 {\n  padding-top: 30px;\n}\n<\/style>\n\t<\/div>\n\t\n\n  \n    <div class=\"row large-columns-1 medium-columns-1 small-columns-1 row-xsmall row-full-width slider row-slider slider-nav-reveal\"  data-flickity-options='{\"imagesLoaded\": true, \"groupCells\": \"100%\", \"dragThreshold\" : 5, \"cellAlign\": \"left\",\"wrapAround\": true,\"prevNextButtons\": true,\"percentPosition\": true,\"pageDots\": false, \"rightToLeft\": false, \"autoPlay\" : false}'>\n\n  <div class=\"col post-item\" >\n\t\t\t<div class=\"col-inner\">\n\t\t\t<a href=\"https:\/\/vinimam.org.vn\/vinimam\/bang-gia-dich-vu\/\" class=\"plain\">\n\t\t\t\t<div class=\"box box-push box-text-bottom box-blog-post has-hover\">\n            \t\t\t\t\t<div class=\"box-image\" >\n  \t\t\t\t\t\t<div class=\"image-cover\" style=\"padding-top:40%;\">\n  \t\t\t\t\t\t\t<img loading=\"lazy\" decoding=\"async\" width=\"672\" height=\"400\" src=\"https:\/\/vinimam.org.vn\/vinimam\/wp-content\/uploads\/2023\/09\/thong-bao-y-hoc-bien-672x400.png\" class=\"attachment-medium size-medium wp-post-image\" alt=\"\" srcset=\"https:\/\/vinimam.org.vn\/vinimam\/wp-content\/uploads\/2023\/09\/thong-bao-y-hoc-bien-672x400.png 672w, https:\/\/vinimam.org.vn\/vinimam\/wp-content\/uploads\/2023\/09\/thong-bao-y-hoc-bien-768x457.png 768w, https:\/\/vinimam.org.vn\/vinimam\/wp-content\/uploads\/2023\/09\/thong-bao-y-hoc-bien.png 1070w\" sizes=\"auto, (max-width: 672px) 100vw, 672px\" \/>  \t\t\t\t\t\t\t  \t\t\t\t\t\t\t  \t\t\t\t\t\t<\/div>\n  \t\t\t\t\t\t  \t\t\t\t\t<\/div>\n          \t\t\t\t\t<div class=\"box-text text-center\" >\n\t\t\t\t\t<div class=\"box-text-inner blog-post-inner\">\n\n\t\t\t\t\t\n\t\t\t\t\t\t\t\t\t\t<h5 class=\"post-title is-large \">B\u1ea3ng gi\u00e1 d\u1ecbch v\u1ee5<\/h5>\n\t\t\t\t\t\t\t\t\t\t<div class=\"is-divider\"><\/div>\n\t\t\t\t\t                    \n\t\t\t\t\t\t\t\t\t\t\t<button href=\"https:\/\/vinimam.org.vn\/vinimam\/bang-gia-dich-vu\/\" class=\"button  is-outline is-small mb-0\">\n\t\t\t\t\t\t\tXem th\u00eam\t\t\t\t\t\t<\/button>\n\t\t\t\t\t\n\t\t\t\t\t\n\t\t\t\t\t<\/div>\n\t\t\t\t\t<\/div>\n\t\t\t\t\t\t\t\t\t<\/div>\n\t\t\t\t<\/a>\n\t\t\t<\/div>\n\t\t<\/div><\/div>\n\t\t<\/div>\n\t\t\t\t\t<\/div>\n\n\t\n<\/div>\n\t\t<\/div>\n\n\t\t\n<style>\n#section_908594610 {\n  padding-top: 50px;\n  padding-bottom: 50px;\n}\n#section_908594610 .ux-shape-divider--top svg {\n  height: 150px;\n  --divider-top-width: 100%;\n}\n#section_908594610 .ux-shape-divider--bottom svg {\n  height: 150px;\n  --divider-width: 100%;\n}\n<\/style>\n\t<\/section>\n\t\n\t<section class=\"section\" id=\"section_346650527\">\n\t\t<div class=\"bg section-bg fill bg-fill  bg-loaded\" >\n\n\t\t\t\n\t\t\t\n\t\t\t\n\n\t\t<\/div>\n\n\t\t\n\n\t\t<div class=\"section-content relative\">\n\t\t\t\n\t<div id=\"gap-1483163290\" class=\"gap-element clearfix\" style=\"display:block; height:auto;\">\n\t\t\n<style>\n#gap-1483163290 {\n  padding-top: 30px;\n}\n<\/style>\n\t<\/div>\n\t\n<div class=\"row align-middle\"  id=\"row-535826935\">\n\n\t<div id=\"col-1007773460\" class=\"col medium-12 small-12 large-6\"  >\n\t\t\t\t<div class=\"col-inner\"  >\n\t\t\t\n\t\t\t\n\t<div id=\"gap-1517793088\" class=\"gap-element clearfix hide-for-small\" style=\"display:block; height:auto;\">\n\t\t\n<style>\n#gap-1517793088 {\n  padding-top: 10px;\n}\n@media (min-width:850px) {\n  #gap-1517793088 {\n    padding-top: 30px;\n  }\n}\n<\/style>\n\t<\/div>\n\t\n\t<div id=\"text-3167605027\" class=\"text\">\n\t\t\n<h3>Ph\u00f2ng ti\u00eam ch\u00f9ng <br \/>cho ng\u01b0\u1eddi l\u1edbn v\u00e0 tr\u1ebb em t\u1ea1i Vi\u1ec7n Y h\u1ecdc bi\u1ec3n<\/h3>\n\t\t\n<style>\n#text-3167605027 {\n  font-size: 1.75rem;\n  line-height: 1.5;\n}\n@media (min-width:550px) {\n  #text-3167605027 {\n    font-size: 2rem;\n  }\n}\n<\/style>\n\t<\/div>\n\t\n\t<div id=\"text-1447058420\" class=\"text\">\n\t\t\n<p class=\"lead\">Th\u00f4ng b\u00e1o gi\u00e1\u00a0<\/p>\n\t\t\n<style>\n#text-1447058420 {\n  font-size: 1rem;\n}\n<\/style>\n\t<\/div>\n\t\n\t<div id=\"gap-1967182863\" class=\"gap-element clearfix\" style=\"display:block; height:auto;\">\n\t\t\n<style>\n#gap-1967182863 {\n  padding-top: 10px;\n}\n<\/style>\n\t<\/div>\n\t\n<a href=\"https:\/\/vinimam.org.vn\/vinimam\/bang-gia-tiem-chung\/\" target=\"_self\" class=\"button secondary\"  style=\"border-radius:10px;padding:15px 30px 15px 30px;\">\n    <span>Xem th\u00eam<\/span>\n  <\/a>\n\n\t\t<\/div>\n\t\t\t\t\t<\/div>\n\n\t\n\n\t<div id=\"col-1187005895\" class=\"col medium-12 small-12 large-6 medium-col-first\"  >\n\t\t\t\t<div class=\"col-inner\"  >\n\t\t\t\n\t\t\t\n\t<div class=\"img has-hover circle x md-x lg-x y md-y lg-y\" id=\"image_968109503\">\n\t\t\t\t\t\t\t\t<div class=\"img-inner dark\" >\n\t\t\t<img loading=\"lazy\" decoding=\"async\" width=\"870\" height=\"577\" src=\"https:\/\/vinimam.org.vn\/vinimam\/wp-content\/uploads\/2025\/03\/Tiem-vac-xin-vinimam-2.jpg\" class=\"attachment-large size-large\" alt=\"\" srcset=\"https:\/\/vinimam.org.vn\/vinimam\/wp-content\/uploads\/2025\/03\/Tiem-vac-xin-vinimam-2.jpg 870w, https:\/\/vinimam.org.vn\/vinimam\/wp-content\/uploads\/2025\/03\/Tiem-vac-xin-vinimam-2-603x400.jpg 603w, https:\/\/vinimam.org.vn\/vinimam\/wp-content\/uploads\/2025\/03\/Tiem-vac-xin-vinimam-2-768x509.jpg 768w\" sizes=\"auto, (max-width: 870px) 100vw, 870px\" \/>\t\t\t\t\t\t\n\t\t\t\t\t<\/div>\n\t\t\t\t\t\t\t\t\n<style>\n#image_968109503 {\n  width: 100%;\n}\n@media (min-width:850px) {\n  #image_968109503 {\n    width: 100%;\n  }\n}\n<\/style>\n\t<\/div>\n\t\n\t\t<\/div>\n\t\t\t\t\t<\/div>\n\n\t\n<\/div>\n\t\t<\/div>\n\n\t\t\n<style>\n#section_346650527 {\n  padding-top: 20px;\n  padding-bottom: 20px;\n  background-color: rgb(212, 236, 242);\n}\n#section_346650527 .ux-shape-divider--top svg {\n  height: 150px;\n  --divider-top-width: 100%;\n}\n#section_346650527 .ux-shape-divider--bottom svg {\n  height: 150px;\n  --divider-width: 100%;\n}\n@media (min-width:550px) {\n  #section_346650527 {\n    padding-top: 50px;\n    padding-bottom: 50px;\n  }\n}\n@media (min-width:850px) {\n  #section_346650527 {\n    padding-top: 70px;\n    padding-bottom: 70px;\n  }\n}\n<\/style>\n\t<\/section>\n\t\n","protected":false},"excerpt":{"rendered":"","protected":false},"author":1,"featured_media":0,"parent":511,"menu_order":0,"comment_status":"closed","ping_status":"closed","template":"","meta":{"footnotes":""},"class_list":["post-1773","page","type-page","status-publish","hentry"],"yoast_head":"<!-- This site is optimized with the Yoast SEO plugin v27.4 - https:\/\/yoast.com\/product\/yoast-seo-wordpress\/ -->\n<title>C\u00f4ng khai gi\u00e1 d\u1ecbch v\u1ee5 v\u00e0 d\u1ef1 to\u00e1n - Vi\u1ec7n Y h\u1ecdc bi\u1ec3n | Vietnam National Institute of Maritime Medicine<\/title>\n<meta name=\"robots\" content=\"index, follow, max-snippet:-1, max-image-preview:large, max-video-preview:-1\" \/>\n<link rel=\"canonical\" href=\"https:\/\/vinimam.org.vn\/vinimam\/lien-he\/cong-khai-gia-dich-vu-va-du-toan\/\" \/>\n<meta property=\"og:locale\" content=\"en_US\" \/>\n<meta property=\"og:type\" content=\"article\" \/>\n<meta property=\"og:title\" content=\"C\u00f4ng khai gi\u00e1 d\u1ecbch v\u1ee5 v\u00e0 d\u1ef1 to\u00e1n - Vi\u1ec7n Y h\u1ecdc bi\u1ec3n | Vietnam National Institute of Maritime Medicine\" \/>\n<meta property=\"og:url\" content=\"https:\/\/vinimam.org.vn\/vinimam\/lien-he\/cong-khai-gia-dich-vu-va-du-toan\/\" \/>\n<meta property=\"og:site_name\" content=\"Vi\u1ec7n Y h\u1ecdc bi\u1ec3n | Vietnam National Institute of Maritime Medicine\" \/>\n<meta property=\"article:publisher\" content=\"https:\/\/www.facebook.com\/vienyhocbienvietnam\" \/>\n<meta property=\"article:modified_time\" content=\"2025-03-26T01:24:24+00:00\" \/>\n<meta name=\"twitter:card\" content=\"summary_large_image\" \/>\n<script type=\"application\/ld+json\" class=\"yoast-schema-graph\">{\"@context\":\"https:\\\/\\\/schema.org\",\"@graph\":[{\"@type\":\"WebPage\",\"@id\":\"https:\\\/\\\/vinimam.org.vn\\\/vinimam\\\/lien-he\\\/cong-khai-gia-dich-vu-va-du-toan\\\/\",\"url\":\"https:\\\/\\\/vinimam.org.vn\\\/vinimam\\\/lien-he\\\/cong-khai-gia-dich-vu-va-du-toan\\\/\",\"name\":\"C\u00f4ng khai gi\u00e1 d\u1ecbch v\u1ee5 v\u00e0 d\u1ef1 to\u00e1n - Vi\u1ec7n Y h\u1ecdc bi\u1ec3n | Vietnam National Institute of Maritime Medicine\",\"isPartOf\":{\"@id\":\"https:\\\/\\\/vinimam.org.vn\\\/vinimam\\\/#website\"},\"datePublished\":\"2024-10-09T01:22:12+00:00\",\"dateModified\":\"2025-03-26T01:24:24+00:00\",\"breadcrumb\":{\"@id\":\"https:\\\/\\\/vinimam.org.vn\\\/vinimam\\\/lien-he\\\/cong-khai-gia-dich-vu-va-du-toan\\\/#breadcrumb\"},\"inLanguage\":\"en-US\",\"potentialAction\":[{\"@type\":\"ReadAction\",\"target\":[\"https:\\\/\\\/vinimam.org.vn\\\/vinimam\\\/lien-he\\\/cong-khai-gia-dich-vu-va-du-toan\\\/\"]}]},{\"@type\":\"BreadcrumbList\",\"@id\":\"https:\\\/\\\/vinimam.org.vn\\\/vinimam\\\/lien-he\\\/cong-khai-gia-dich-vu-va-du-toan\\\/#breadcrumb\",\"itemListElement\":[{\"@type\":\"ListItem\",\"position\":1,\"name\":\"Trang ch\u1ee7\",\"item\":\"https:\\\/\\\/vinimam.org.vn\\\/vinimam\\\/\"},{\"@type\":\"ListItem\",\"position\":2,\"name\":\"Li\u00ean h\u1ec7\",\"item\":\"https:\\\/\\\/vinimam.org.vn\\\/vinimam\\\/lien-he\\\/\"},{\"@type\":\"ListItem\",\"position\":3,\"name\":\"C\u00f4ng khai gi\u00e1 d\u1ecbch v\u1ee5 v\u00e0 d\u1ef1 to\u00e1n\"}]},{\"@type\":\"WebSite\",\"@id\":\"https:\\\/\\\/vinimam.org.vn\\\/vinimam\\\/#website\",\"url\":\"https:\\\/\\\/vinimam.org.vn\\\/vinimam\\\/\",\"name\":\"Vi\u1ec7n Y h\u1ecdc bi\u1ec3n | Vietnam National Institute of Maritime Medicine\",\"description\":\"B\u1ea3n L\u0129nh - Tr\u00ed Tu\u1ec7 - V\u01b0\u01a1n ra bi\u1ec3n l\u1edbn\",\"publisher\":{\"@id\":\"https:\\\/\\\/vinimam.org.vn\\\/vinimam\\\/#organization\"},\"potentialAction\":[{\"@type\":\"SearchAction\",\"target\":{\"@type\":\"EntryPoint\",\"urlTemplate\":\"https:\\\/\\\/vinimam.org.vn\\\/vinimam\\\/?s={search_term_string}\"},\"query-input\":{\"@type\":\"PropertyValueSpecification\",\"valueRequired\":true,\"valueName\":\"search_term_string\"}}],\"inLanguage\":\"en-US\"},{\"@type\":\"Organization\",\"@id\":\"https:\\\/\\\/vinimam.org.vn\\\/vinimam\\\/#organization\",\"name\":\"Vi\u1ec7n Y h\u1ecdc bi\u1ec3n | Vietnam National Institute of Maritime Medicine\",\"url\":\"https:\\\/\\\/vinimam.org.vn\\\/vinimam\\\/\",\"logo\":{\"@type\":\"ImageObject\",\"inLanguage\":\"en-US\",\"@id\":\"https:\\\/\\\/vinimam.org.vn\\\/vinimam\\\/#\\\/schema\\\/logo\\\/image\\\/\",\"url\":\"https:\\\/\\\/vinimam.org.vn\\\/vinimam\\\/wp-content\\\/uploads\\\/2023\\\/09\\\/logo-Vien-Y-hoc-bien-Viet-nam-oxy-cao-ap-scaled.jpg\",\"contentUrl\":\"https:\\\/\\\/vinimam.org.vn\\\/vinimam\\\/wp-content\\\/uploads\\\/2023\\\/09\\\/logo-Vien-Y-hoc-bien-Viet-nam-oxy-cao-ap-scaled.jpg\",\"width\":2560,\"height\":1280,\"caption\":\"Vi\u1ec7n Y h\u1ecdc bi\u1ec3n | Vietnam National Institute of Maritime Medicine\"},\"image\":{\"@id\":\"https:\\\/\\\/vinimam.org.vn\\\/vinimam\\\/#\\\/schema\\\/logo\\\/image\\\/\"},\"sameAs\":[\"https:\\\/\\\/www.facebook.com\\\/vienyhocbienvietnam\"]}]}<\/script>\n<!-- \/ Yoast SEO plugin. -->","yoast_head_json":{"title":"C\u00f4ng khai gi\u00e1 d\u1ecbch v\u1ee5 v\u00e0 d\u1ef1 to\u00e1n - Vi\u1ec7n Y h\u1ecdc bi\u1ec3n | Vietnam National Institute of Maritime Medicine","robots":{"index":"index","follow":"follow","max-snippet":"max-snippet:-1","max-image-preview":"max-image-preview:large","max-video-preview":"max-video-preview:-1"},"canonical":"https:\/\/vinimam.org.vn\/vinimam\/lien-he\/cong-khai-gia-dich-vu-va-du-toan\/","og_locale":"en_US","og_type":"article","og_title":"C\u00f4ng khai gi\u00e1 d\u1ecbch v\u1ee5 v\u00e0 d\u1ef1 to\u00e1n - Vi\u1ec7n Y h\u1ecdc bi\u1ec3n | Vietnam National Institute of Maritime Medicine","og_url":"https:\/\/vinimam.org.vn\/vinimam\/lien-he\/cong-khai-gia-dich-vu-va-du-toan\/","og_site_name":"Vi\u1ec7n Y h\u1ecdc bi\u1ec3n | Vietnam National Institute of Maritime Medicine","article_publisher":"https:\/\/www.facebook.com\/vienyhocbienvietnam","article_modified_time":"2025-03-26T01:24:24+00:00","twitter_card":"summary_large_image","schema":{"@context":"https:\/\/schema.org","@graph":[{"@type":"WebPage","@id":"https:\/\/vinimam.org.vn\/vinimam\/lien-he\/cong-khai-gia-dich-vu-va-du-toan\/","url":"https:\/\/vinimam.org.vn\/vinimam\/lien-he\/cong-khai-gia-dich-vu-va-du-toan\/","name":"C\u00f4ng khai gi\u00e1 d\u1ecbch v\u1ee5 v\u00e0 d\u1ef1 to\u00e1n - Vi\u1ec7n Y h\u1ecdc bi\u1ec3n | Vietnam National Institute of Maritime Medicine","isPartOf":{"@id":"https:\/\/vinimam.org.vn\/vinimam\/#website"},"datePublished":"2024-10-09T01:22:12+00:00","dateModified":"2025-03-26T01:24:24+00:00","breadcrumb":{"@id":"https:\/\/vinimam.org.vn\/vinimam\/lien-he\/cong-khai-gia-dich-vu-va-du-toan\/#breadcrumb"},"inLanguage":"en-US","potentialAction":[{"@type":"ReadAction","target":["https:\/\/vinimam.org.vn\/vinimam\/lien-he\/cong-khai-gia-dich-vu-va-du-toan\/"]}]},{"@type":"BreadcrumbList","@id":"https:\/\/vinimam.org.vn\/vinimam\/lien-he\/cong-khai-gia-dich-vu-va-du-toan\/#breadcrumb","itemListElement":[{"@type":"ListItem","position":1,"name":"Trang ch\u1ee7","item":"https:\/\/vinimam.org.vn\/vinimam\/"},{"@type":"ListItem","position":2,"name":"Li\u00ean h\u1ec7","item":"https:\/\/vinimam.org.vn\/vinimam\/lien-he\/"},{"@type":"ListItem","position":3,"name":"C\u00f4ng khai gi\u00e1 d\u1ecbch v\u1ee5 v\u00e0 d\u1ef1 to\u00e1n"}]},{"@type":"WebSite","@id":"https:\/\/vinimam.org.vn\/vinimam\/#website","url":"https:\/\/vinimam.org.vn\/vinimam\/","name":"Vi\u1ec7n Y h\u1ecdc bi\u1ec3n | Vietnam National Institute of Maritime Medicine","description":"B\u1ea3n L\u0129nh - Tr\u00ed Tu\u1ec7 - V\u01b0\u01a1n ra bi\u1ec3n l\u1edbn","publisher":{"@id":"https:\/\/vinimam.org.vn\/vinimam\/#organization"},"potentialAction":[{"@type":"SearchAction","target":{"@type":"EntryPoint","urlTemplate":"https:\/\/vinimam.org.vn\/vinimam\/?s={search_term_string}"},"query-input":{"@type":"PropertyValueSpecification","valueRequired":true,"valueName":"search_term_string"}}],"inLanguage":"en-US"},{"@type":"Organization","@id":"https:\/\/vinimam.org.vn\/vinimam\/#organization","name":"Vi\u1ec7n Y h\u1ecdc bi\u1ec3n | Vietnam National Institute of Maritime Medicine","url":"https:\/\/vinimam.org.vn\/vinimam\/","logo":{"@type":"ImageObject","inLanguage":"en-US","@id":"https:\/\/vinimam.org.vn\/vinimam\/#\/schema\/logo\/image\/","url":"https:\/\/vinimam.org.vn\/vinimam\/wp-content\/uploads\/2023\/09\/logo-Vien-Y-hoc-bien-Viet-nam-oxy-cao-ap-scaled.jpg","contentUrl":"https:\/\/vinimam.org.vn\/vinimam\/wp-content\/uploads\/2023\/09\/logo-Vien-Y-hoc-bien-Viet-nam-oxy-cao-ap-scaled.jpg","width":2560,"height":1280,"caption":"Vi\u1ec7n Y h\u1ecdc bi\u1ec3n | Vietnam National Institute of Maritime Medicine"},"image":{"@id":"https:\/\/vinimam.org.vn\/vinimam\/#\/schema\/logo\/image\/"},"sameAs":["https:\/\/www.facebook.com\/vienyhocbienvietnam"]}]}},"_links":{"self":[{"href":"https:\/\/vinimam.org.vn\/vinimam\/wp-json\/wp\/v2\/pages\/1773","targetHints":{"allow":["GET"]}}],"collection":[{"href":"https:\/\/vinimam.org.vn\/vinimam\/wp-json\/wp\/v2\/pages"}],"about":[{"href":"https:\/\/vinimam.org.vn\/vinimam\/wp-json\/wp\/v2\/types\/page"}],"author":[{"embeddable":true,"href":"https:\/\/vinimam.org.vn\/vinimam\/wp-json\/wp\/v2\/users\/1"}],"replies":[{"embeddable":true,"href":"https:\/\/vinimam.org.vn\/vinimam\/wp-json\/wp\/v2\/comments?post=1773"}],"version-history":[{"count":9,"href":"https:\/\/vinimam.org.vn\/vinimam\/wp-json\/wp\/v2\/pages\/1773\/revisions"}],"predecessor-version":[{"id":1799,"href":"https:\/\/vinimam.org.vn\/vinimam\/wp-json\/wp\/v2\/pages\/1773\/revisions\/1799"}],"up":[{"embeddable":true,"href":"https:\/\/vinimam.org.vn\/vinimam\/wp-json\/wp\/v2\/pages\/511"}],"wp:attachment":[{"href":"https:\/\/vinimam.org.vn\/vinimam\/wp-json\/wp\/v2\/media?parent=1773"}],"curies":[{"name":"wp","href":"https:\/\/api.w.org\/{rel}","templated":true}]}}